{"id":246,"date":"2018-04-03T17:42:39","date_gmt":"2018-04-03T15:42:39","guid":{"rendered":"http:\/\/choreichwalde.de\/?page_id=246"},"modified":"2024-12-01T10:49:58","modified_gmt":"2024-12-01T09:49:58","slug":"mitsingen","status":"publish","type":"page","link":"https:\/\/choreichwalde.de\/?page_id=246","title":{"rendered":"Mitsingen"},"content":{"rendered":"\n<p>Warum singen wir eigentlich im Chor?<\/p>\n\n\n\n<p>Gute Frage.<b> <\/b><span style=\"line-height: 1.5;\">Weil uns Singen Spa\u00df macht!&nbsp; Wir singen gern<\/span>.<\/p>\n\n\n\n<p>Sie oder Ihr Kind m\u00f6chten in einer unserer Gruppen gemeinsam mit uns musizieren?<\/p>\n\n\n\n<p>Wir freuen uns auf neue Stimmen. Dabei ist es uns egal, ob sie Chorerfahrung mitbringen oder noch Anf\u00e4nger sind. Besuchen Sie uns und lassen Sie sich unverbindlich von Ihrem neuen Hobby, dem Gesang, \u00fcberzeugen. Schnuppern Sie eine Weile aktiv in unsere Proben hinein. Anschlie\u00dfend entscheidet der jeweilige Dirigent gemeinsam mit Ihnen ob sie zum st\u00e4ndigen Chormitglied werden.<\/p>\n\n\n\n<p>Nehmen sie Kontakt mit uns auf, damit wir ihren ersten Probetermin planen k\u00f6nnen.&nbsp; &nbsp;(at) = @<\/p>\n\n\n\n<p>F\u00fcr den Gemischten Chor:&nbsp;&nbsp; &nbsp; &nbsp; &nbsp; &nbsp; &nbsp; &nbsp; &nbsp;       sellnau(at)choreichwalde.de<\/p>\n\n\n\n<p>F\u00fcr die Kinder- und Jugendch\u00f6re:&nbsp; &nbsp; &nbsp; &nbsp; buettner(at)choreichwalde.de<\/p>\n\n\n\n<p>F\u00fcr das Orchester Cantabile:&nbsp;&nbsp;&nbsp; &nbsp; &nbsp; &nbsp;&nbsp; &nbsp; &nbsp; &nbsp;  sellnau(at)choreichwalde.de <\/p>\n\n\n\n<p>F\u00fcr GosPop:\u00a0 \u00a0 \u00a0 \u00a0 \u00a0 \u00a0 \u00a0 \u00a0 \u00a0 \u00a0 \u00a0 \u00a0 \u00a0 \u00a0 \u00a0 \u00a0 \u00a0 \u00a0 \u00a0 \u00a0 \u00a0 \u00a0 \u00a0 \u00a0 \u00a0 \u00a0 \u00a0sellnau(at)choreichwalde.de<\/p>\n\n\n\n<p><\/p>\n\n\n\n<div class=\"wp-block-file\"><a id=\"wp-block-file--media-f284ce23-96e3-45e6-a3cf-8f752060a7df\" href=\"https:\/\/choreichwalde.de\/wp-content\/uploads\/2024\/03\/20240227_Mitgliedschaftsantrag.pdf\">2024 Mitgliedschaftsantrag<\/a><a href=\"https:\/\/choreichwalde.de\/wp-content\/uploads\/2024\/03\/20240227_Mitgliedschaftsantrag.pdf\" class=\"wp-block-file__button wp-element-button\" download aria-describedby=\"wp-block-file--media-f284ce23-96e3-45e6-a3cf-8f752060a7df\">Download Mitgliedschaftsantrag<\/a><\/div>\n\n\n\n<div class=\"wp-block-file\"><a id=\"wp-block-file--media-ba5345ff-a7e6-44fa-b9e9-f5b6f6012dac\" href=\"https:\/\/choreichwalde.de\/wp-content\/uploads\/2024\/04\/1702-Satzung-Chorgemeinschaft-Eichwalde.pdf\">Satzung-Chorgemeinschaft-Eichwalde<\/a><a href=\"https:\/\/choreichwalde.de\/wp-content\/uploads\/2024\/04\/1702-Satzung-Chorgemeinschaft-Eichwalde.pdf\" class=\"wp-block-file__button wp-element-button\" download aria-describedby=\"wp-block-file--media-ba5345ff-a7e6-44fa-b9e9-f5b6f6012dac\">Download Satzung <\/a><\/div>\n","protected":false},"excerpt":{"rendered":"<p>Warum singen wir eigentlich im Chor? Gute Frage. Weil uns Singen Spa\u00df macht!&nbsp; Wir singen gern. Sie oder Ihr Kind m\u00f6chten in einer unserer Gruppen gemeinsam mit uns musizieren? Wir freuen uns auf neue Stimmen. Dabei ist es uns egal, ob sie Chorerfahrung mitbringen oder noch Anf\u00e4nger sind. Besuchen Sie uns und lassen Sie sich &hellip; <\/p>\n<p class=\"link-more\"><a href=\"https:\/\/choreichwalde.de\/?page_id=246\" class=\"more-link\"><span class=\"screen-reader-text\">\u201eMitsingen\u201c<\/span> weiterlesen<\/a><\/p>\n","protected":false},"author":1,"featured_media":0,"parent":241,"menu_order":0,"comment_status":"closed","ping_status":"closed","template":"","meta":{"footnotes":""},"class_list":["post-246","page","type-page","status-publish","hentry"],"_links":{"self":[{"href":"https:\/\/choreichwalde.de\/index.php?rest_route=\/wp\/v2\/pages\/246","targetHints":{"allow":["GET"]}}],"collection":[{"href":"https:\/\/choreichwalde.de\/index.php?rest_route=\/wp\/v2\/pages"}],"about":[{"href":"https:\/\/choreichwalde.de\/index.php?rest_route=\/wp\/v2\/types\/page"}],"author":[{"embeddable":true,"href":"https:\/\/choreichwalde.de\/index.php?rest_route=\/wp\/v2\/users\/1"}],"replies":[{"embeddable":true,"href":"https:\/\/choreichwalde.de\/index.php?rest_route=%2Fwp%2Fv2%2Fcomments&post=246"}],"version-history":[{"count":10,"href":"https:\/\/choreichwalde.de\/index.php?rest_route=\/wp\/v2\/pages\/246\/revisions"}],"predecessor-version":[{"id":2809,"href":"https:\/\/choreichwalde.de\/index.php?rest_route=\/wp\/v2\/pages\/246\/revisions\/2809"}],"up":[{"embeddable":true,"href":"https:\/\/choreichwalde.de\/index.php?rest_route=\/wp\/v2\/pages\/241"}],"wp:attachment":[{"href":"https:\/\/choreichwalde.de\/index.php?rest_route=%2Fwp%2Fv2%2Fmedia&parent=246"}],"curies":[{"name":"wp","href":"https:\/\/api.w.org\/{rel}","templated":true}]}}

<p>Warum singen wir eigentlich im Chor?</p>



<p>Gute Frage.<b> </b><span style="line-height: 1.5;">Weil uns Singen Spaß macht!&nbsp; Wir singen gern</span>.</p>



<p>Sie oder Ihr Kind möchten in einer unserer Gruppen gemeinsam mit uns musizieren?</p>



<p>Wir freuen uns auf neue Stimmen. Dabei ist es uns egal, ob sie Chorerfahrung mitbringen oder noch Anfänger sind. Besuchen Sie uns und lassen Sie sich unverbindlich von Ihrem neuen Hobby, dem Gesang, überzeugen. Schnuppern Sie eine Weile aktiv in unsere Proben hinein. Anschließend entscheidet der jeweilige Dirigent gemeinsam mit Ihnen ob sie zum ständigen Chormitglied werden.</p>



<p>Nehmen sie Kontakt mit uns auf, damit wir ihren ersten Probetermin planen können.&nbsp; &nbsp;(at) = @</p>



<p>Für den Gemischten Chor:&nbsp;&nbsp; &nbsp; &nbsp; &nbsp; &nbsp; &nbsp; &nbsp; &nbsp;       sellnau(at)choreichwalde.de</p>



<p>Für die Kinder- und Jugendchöre:&nbsp; &nbsp; &nbsp; &nbsp; buettner(at)choreichwalde.de</p>



<p>Für das Orchester Cantabile:&nbsp;&nbsp;&nbsp; &nbsp; &nbsp; &nbsp;&nbsp; &nbsp; &nbsp; &nbsp;  sellnau(at)choreichwalde.de </p>



<p>Für GosPop:                                                     sellnau(at)choreichwalde.de</p>



<p></p>



<div class="wp-block-file"><a id="wp-block-file--media-f284ce23-96e3-45e6-a3cf-8f752060a7df" href="https://choreichwalde.de/wp-content/uploads/2024/03/20240227_Mitgliedschaftsantrag.pdf">2024 Mitgliedschaftsantrag</a><a href="https://choreichwalde.de/wp-content/uploads/2024/03/20240227_Mitgliedschaftsantrag.pdf" class="wp-block-file__button wp-element-button" download aria-describedby="wp-block-file--media-f284ce23-96e3-45e6-a3cf-8f752060a7df">Download Mitgliedschaftsantrag</a></div>



<div class="wp-block-file"><a id="wp-block-file--media-ba5345ff-a7e6-44fa-b9e9-f5b6f6012dac" href="https://choreichwalde.de/wp-content/uploads/2024/04/1702-Satzung-Chorgemeinschaft-Eichwalde.pdf">Satzung-Chorgemeinschaft-Eichwalde</a><a href="https://choreichwalde.de/wp-content/uploads/2024/04/1702-Satzung-Chorgemeinschaft-Eichwalde.pdf" class="wp-block-file__button wp-element-button" download aria-describedby="wp-block-file--media-ba5345ff-a7e6-44fa-b9e9-f5b6f6012dac">Download Satzung </a></div>

<p>Warum singen wir eigentlich im Chor? Gute Frage. Weil uns Singen Spaß macht!&nbsp; Wir singen gern. Sie oder Ihr Kind möchten in einer unserer Gruppen gemeinsam mit uns musizieren? Wir freuen uns auf neue Stimmen. Dabei ist es uns egal, ob sie Chorerfahrung mitbringen oder noch Anfänger sind. Besuchen Sie uns und lassen Sie sich &hellip; </p>
<p class="link-more"><a href="https://choreichwalde.de/?page_id=246" class="more-link"><span class="screen-reader-text">„Mitsingen“</span> weiterlesen</a></p>
